{"id":2372,"date":"2019-12-20T13:50:35","date_gmt":"2019-12-20T12:50:35","guid":{"rendered":"https:\/\/www.nouscims.com\/nous-cims-stories\/"},"modified":"2024-06-27T16:38:20","modified_gmt":"2024-06-27T14:38:20","slug":"nous-cims-stories","status":"publish","type":"page","link":"https:\/\/www.nouscims.com\/ca\/qui-som\/nous-cims-stories\/","title":{"rendered":"Nous Cims Stories"},"content":{"rendered":"<div class=\"wpb-content-wrapper\"><p>[vc_row row_height_percent=&#8221;0&#8243; override_padding=&#8221;yes&#8221; h_padding=&#8221;0&#8243; top_padding=&#8221;2&#8243; bottom_padding=&#8221;2&#8243; back_color=&#8221;color-nousred&#8221; overlay_alpha=&#8221;50&#8243; gutter_size=&#8221;3&#8243; column_width_percent=&#8221;100&#8243; shift_y=&#8221;0&#8243; z_index=&#8221;0&#8243;][vc_column width=&#8221;1\/1&#8243;][vc_wp_custommenu nav_menu=&#8221;29&#8243; nav_menu_horizontal=&#8221;1&#8243;][\/vc_column][\/vc_row][vc_row row_height_percent=&#8221;0&#8243; override_padding=&#8221;yes&#8221; h_padding=&#8221;2&#8243; top_padding=&#8221;3&#8243; bottom_padding=&#8221;4&#8243; overlay_alpha=&#8221;50&#8243; gutter_size=&#8221;4&#8243; column_width_percent=&#8221;100&#8243; shift_y=&#8221;0&#8243; z_index=&#8221;0&#8243; row_height_pixel=&#8221;300px&#8221;][vc_column column_width_percent=&#8221;100&#8243; gutter_size=&#8221;2&#8243; overlay_alpha=&#8221;50&#8243; shift_x=&#8221;0&#8243; shift_y=&#8221;0&#8243; shift_y_down=&#8221;0&#8243; z_index=&#8221;0&#8243; medium_width=&#8221;0&#8243; mobile_width=&#8221;0&#8243; width=&#8221;4\/6&#8243;][vc_custom_heading text_size=&#8221;h3&#8243; text_transform=&#8221;uppercase&#8221; el_class=&#8221;minititulo&#8221;]Karina, 25 anys, recicladora a Santa Marta (Col\u00f2mbia). \u00c9s benefici\u00e0ria d\u2019un projecte de Nous Cims i R4S.[\/vc_custom_heading][vc_column_text css=&#8221;.vc_custom_1574868598521{padding-left: 13px !important;}&#8221;]La Karina va n\u00e9ixer a Vene\u00e7uela i va arribar a la ciutat de Santa Marta al juliol de 2018 per a cuidar la seva mare, a qui havien d\u2019operar. La jove de 25 anys \u00e9s una de les recicladores benefici\u00e0ries del projecte conjunt de la Fundaci\u00f3 Nous Cims i Roots for Sustainability (R4S), l&#8217;objectiu del qual \u00e9s donar suport als recicladors informals, per\u00f2 no il\u00b7legals, que recullen materials per a reciclar i posteriorment vendre per a poder subsistir. Cada mat\u00ed, la Karina fa la mateixa ruta i va porta per porta al barri 20 d&#8217;octubre tot recollint els residus dels ve\u00efns.[\/vc_column_text][\/vc_column][vc_column width=&#8221;2\/6&#8243;][vc_single_image media=&#8221;2265&#8243; media_lightbox=&#8221;yes&#8221; media_poster=&#8221;yes&#8221; media_width_percent=&#8221;100&#8243;][\/vc_column][\/vc_row][vc_row row_height_percent=&#8221;0&#8243; override_padding=&#8221;yes&#8221; h_padding=&#8221;2&#8243; top_padding=&#8221;3&#8243; bottom_padding=&#8221;4&#8243; back_color=&#8221;color-nousgrey&#8221; overlay_alpha=&#8221;50&#8243; gutter_size=&#8221;4&#8243; column_width_percent=&#8221;100&#8243; shift_y=&#8221;0&#8243; z_index=&#8221;0&#8243; desktop_visibility=&#8221;yes&#8221; medium_visibility=&#8221;yes&#8221; mobile_visibility=&#8221;yes&#8221; row_height_pixel=&#8221;300px&#8221;][vc_column column_width_percent=&#8221;100&#8243; gutter_size=&#8221;2&#8243; overlay_alpha=&#8221;50&#8243; shift_x=&#8221;0&#8243; shift_y=&#8221;0&#8243; shift_y_down=&#8221;0&#8243; z_index=&#8221;0&#8243; medium_width=&#8221;0&#8243; mobile_width=&#8221;0&#8243; width=&#8221;4\/6&#8243;][vc_custom_heading text_size=&#8221;h3&#8243; text_transform=&#8221;uppercase&#8221; el_class=&#8221;minititulo&#8221;]Karina, 25 anys, recicladora a Santa Marta (Col\u00f2mbia). \u00c9s benefici\u00e0ria d\u2019un projecte de Nous Cims i R4S.[\/vc_custom_heading][vc_column_text css=&#8221;.vc_custom_1574868598521{padding-left: 13px !important;}&#8221;]La Karina va n\u00e9ixer a Vene\u00e7uela i va arribar a la ciutat de Santa Marta al juliol de 2018 per a cuidar la seva mare, a qui havien d\u2019operar. La jove de 25 anys \u00e9s una de les recicladores benefici\u00e0ries del projecte conjunt de la Fundaci\u00f3 Nous Cims i Roots for Sustainability (R4S), l&#8217;objectiu del qual \u00e9s donar suport als recicladors informals, per\u00f2 no il\u00b7legals, que recullen materials per a reciclar i posteriorment vendre per a poder subsistir. Cada mat\u00ed, la Karina fa la mateixa ruta i va porta per porta al barri 20 d&#8217;octubre tot recollint els residus dels ve\u00efns.[\/vc_column_text][\/vc_column][vc_column width=&#8221;2\/6&#8243;][vc_single_image media=&#8221;2265&#8243; media_lightbox=&#8221;yes&#8221; media_poster=&#8221;yes&#8221; media_width_percent=&#8221;100&#8243;][\/vc_column][\/vc_row]<\/p>\n<\/div>","protected":false},"excerpt":{"rendered":"[vc_row row_height_percent=\"0\" override_padding=\"yes\" h_padding=\"0\" top_padding=\"2\" bottom_padding=\"2\" back_color=\"color-nousred\" overlay_alpha=\"50\" gutter_size=\"3\" column_width_percent=\"100\" shift_y=\"0\" z_index=\"0\"][vc_column width=\"1\/1\"][vc_wp_custommenu nav_menu=\"29\" nav_menu_horizontal=\"1\"][\/vc_column][\/vc_row][vc_row row_height_percent=\"0\" override_padding=\"yes\" h_padding=\"2\" top_padding=\"3\" bottom_padding=\"4\" [...]","protected":false},"author":1,"featured_media":257,"parent":2386,"menu_order":0,"comment_status":"closed","ping_status":"closed","template":"","meta":{"footnotes":""},"class_list":["post-2372","page","type-page","status-publish","has-post-thumbnail","hentry"],"yoast_head":"<!-- This site is optimized with the Yoast SEO plugin v27.4 - https:\/\/yoast.com\/product\/yoast-seo-wordpress\/ -->\n<title>Nous Cims Stories - Fundaci\u00f3n Privada Nous Cims<\/title>\n<meta name=\"robots\" content=\"index, follow, max-snippet:-1, max-image-preview:large, max-video-preview:-1\" \/>\n<link rel=\"canonical\" href=\"https:\/\/www.nouscims.com\/ca\/qui-som\/nous-cims-stories\/\" \/>\n<meta property=\"og:locale\" content=\"ca_ES\" \/>\n<meta property=\"og:type\" content=\"article\" \/>\n<meta property=\"og:title\" content=\"Nous Cims Stories - Fundaci\u00f3n Privada Nous Cims\" \/>\n<meta property=\"og:url\" content=\"https:\/\/www.nouscims.com\/ca\/qui-som\/nous-cims-stories\/\" \/>\n<meta property=\"og:site_name\" content=\"Fundaci\u00f3n Privada Nous Cims\" \/>\n<meta property=\"article:publisher\" content=\"https:\/\/www.facebook.com\/nouscims\" \/>\n<meta property=\"article:modified_time\" content=\"2024-06-27T14:38:20+00:00\" \/>\n<meta property=\"og:image\" content=\"https:\/\/www.nouscims.com\/wp-content\/uploads\/2019\/11\/equipo.jpg\" \/>\n\t<meta property=\"og:image:width\" content=\"1400\" \/>\n\t<meta property=\"og:image:height\" content=\"734\" \/>\n\t<meta property=\"og:image:type\" content=\"image\/jpeg\" \/>\n<meta name=\"twitter:card\" content=\"summary_large_image\" \/>\n<meta name=\"twitter:site\" content=\"@nouscims\" \/>\n<meta name=\"twitter:label1\" content=\"Temps estimat de lectura\" \/>\n\t<meta name=\"twitter:data1\" content=\"3 minuts\" \/>\n<script type=\"application\/ld+json\" class=\"yoast-schema-graph\">{\"@context\":\"https:\\\/\\\/schema.org\",\"@graph\":[{\"@type\":\"WebPage\",\"@id\":\"https:\\\/\\\/www.nouscims.com\\\/ca\\\/qui-som\\\/nous-cims-stories\\\/\",\"url\":\"https:\\\/\\\/www.nouscims.com\\\/ca\\\/qui-som\\\/nous-cims-stories\\\/\",\"name\":\"Nous Cims Stories - Fundaci\u00f3n Privada Nous Cims\",\"isPartOf\":{\"@id\":\"https:\\\/\\\/www.nouscims.com\\\/ca\\\/#website\"},\"primaryImageOfPage\":{\"@id\":\"https:\\\/\\\/www.nouscims.com\\\/ca\\\/qui-som\\\/nous-cims-stories\\\/#primaryimage\"},\"image\":{\"@id\":\"https:\\\/\\\/www.nouscims.com\\\/ca\\\/qui-som\\\/nous-cims-stories\\\/#primaryimage\"},\"thumbnailUrl\":\"https:\\\/\\\/www.nouscims.com\\\/wp-content\\\/uploads\\\/2019\\\/11\\\/equipo.jpg\",\"datePublished\":\"2019-12-20T12:50:35+00:00\",\"dateModified\":\"2024-06-27T14:38:20+00:00\",\"breadcrumb\":{\"@id\":\"https:\\\/\\\/www.nouscims.com\\\/ca\\\/qui-som\\\/nous-cims-stories\\\/#breadcrumb\"},\"inLanguage\":\"ca\",\"potentialAction\":[{\"@type\":\"ReadAction\",\"target\":[\"https:\\\/\\\/www.nouscims.com\\\/ca\\\/qui-som\\\/nous-cims-stories\\\/\"]}]},{\"@type\":\"ImageObject\",\"inLanguage\":\"ca\",\"@id\":\"https:\\\/\\\/www.nouscims.com\\\/ca\\\/qui-som\\\/nous-cims-stories\\\/#primaryimage\",\"url\":\"https:\\\/\\\/www.nouscims.com\\\/wp-content\\\/uploads\\\/2019\\\/11\\\/equipo.jpg\",\"contentUrl\":\"https:\\\/\\\/www.nouscims.com\\\/wp-content\\\/uploads\\\/2019\\\/11\\\/equipo.jpg\",\"width\":1400,\"height\":734},{\"@type\":\"BreadcrumbList\",\"@id\":\"https:\\\/\\\/www.nouscims.com\\\/ca\\\/qui-som\\\/nous-cims-stories\\\/#breadcrumb\",\"itemListElement\":[{\"@type\":\"ListItem\",\"position\":1,\"name\":\"Portada\",\"item\":\"https:\\\/\\\/www.nouscims.com\\\/ca\\\/\"},{\"@type\":\"ListItem\",\"position\":2,\"name\":\"Qui som\",\"item\":\"https:\\\/\\\/www.nouscims.com\\\/ca\\\/qui-som\\\/\"},{\"@type\":\"ListItem\",\"position\":3,\"name\":\"Nous Cims Stories\"}]},{\"@type\":\"WebSite\",\"@id\":\"https:\\\/\\\/www.nouscims.com\\\/ca\\\/#website\",\"url\":\"https:\\\/\\\/www.nouscims.com\\\/ca\\\/\",\"name\":\"Fundaci\u00f3n Privada Nous Cims\",\"description\":\"Impulsamos y desarrollamos proyectos de innovaci\u00f3n social\",\"potentialAction\":[{\"@type\":\"SearchAction\",\"target\":{\"@type\":\"EntryPoint\",\"urlTemplate\":\"https:\\\/\\\/www.nouscims.com\\\/ca\\\/?s={search_term_string}\"},\"query-input\":{\"@type\":\"PropertyValueSpecification\",\"valueRequired\":true,\"valueName\":\"search_term_string\"}}],\"inLanguage\":\"ca\"}]}<\/script>\n<!-- \/ Yoast SEO plugin. -->","yoast_head_json":{"title":"Nous Cims Stories - Fundaci\u00f3n Privada Nous Cims","robots":{"index":"index","follow":"follow","max-snippet":"max-snippet:-1","max-image-preview":"max-image-preview:large","max-video-preview":"max-video-preview:-1"},"canonical":"https:\/\/www.nouscims.com\/ca\/qui-som\/nous-cims-stories\/","og_locale":"ca_ES","og_type":"article","og_title":"Nous Cims Stories - Fundaci\u00f3n Privada Nous Cims","og_url":"https:\/\/www.nouscims.com\/ca\/qui-som\/nous-cims-stories\/","og_site_name":"Fundaci\u00f3n Privada Nous Cims","article_publisher":"https:\/\/www.facebook.com\/nouscims","article_modified_time":"2024-06-27T14:38:20+00:00","og_image":[{"width":1400,"height":734,"url":"https:\/\/www.nouscims.com\/wp-content\/uploads\/2019\/11\/equipo.jpg","type":"image\/jpeg"}],"twitter_card":"summary_large_image","twitter_site":"@nouscims","twitter_misc":{"Temps estimat de lectura":"3 minuts"},"schema":{"@context":"https:\/\/schema.org","@graph":[{"@type":"WebPage","@id":"https:\/\/www.nouscims.com\/ca\/qui-som\/nous-cims-stories\/","url":"https:\/\/www.nouscims.com\/ca\/qui-som\/nous-cims-stories\/","name":"Nous Cims Stories - Fundaci\u00f3n Privada Nous Cims","isPartOf":{"@id":"https:\/\/www.nouscims.com\/ca\/#website"},"primaryImageOfPage":{"@id":"https:\/\/www.nouscims.com\/ca\/qui-som\/nous-cims-stories\/#primaryimage"},"image":{"@id":"https:\/\/www.nouscims.com\/ca\/qui-som\/nous-cims-stories\/#primaryimage"},"thumbnailUrl":"https:\/\/www.nouscims.com\/wp-content\/uploads\/2019\/11\/equipo.jpg","datePublished":"2019-12-20T12:50:35+00:00","dateModified":"2024-06-27T14:38:20+00:00","breadcrumb":{"@id":"https:\/\/www.nouscims.com\/ca\/qui-som\/nous-cims-stories\/#breadcrumb"},"inLanguage":"ca","potentialAction":[{"@type":"ReadAction","target":["https:\/\/www.nouscims.com\/ca\/qui-som\/nous-cims-stories\/"]}]},{"@type":"ImageObject","inLanguage":"ca","@id":"https:\/\/www.nouscims.com\/ca\/qui-som\/nous-cims-stories\/#primaryimage","url":"https:\/\/www.nouscims.com\/wp-content\/uploads\/2019\/11\/equipo.jpg","contentUrl":"https:\/\/www.nouscims.com\/wp-content\/uploads\/2019\/11\/equipo.jpg","width":1400,"height":734},{"@type":"BreadcrumbList","@id":"https:\/\/www.nouscims.com\/ca\/qui-som\/nous-cims-stories\/#breadcrumb","itemListElement":[{"@type":"ListItem","position":1,"name":"Portada","item":"https:\/\/www.nouscims.com\/ca\/"},{"@type":"ListItem","position":2,"name":"Qui som","item":"https:\/\/www.nouscims.com\/ca\/qui-som\/"},{"@type":"ListItem","position":3,"name":"Nous Cims Stories"}]},{"@type":"WebSite","@id":"https:\/\/www.nouscims.com\/ca\/#website","url":"https:\/\/www.nouscims.com\/ca\/","name":"Fundaci\u00f3n Privada Nous Cims","description":"Impulsamos y desarrollamos proyectos de innovaci\u00f3n social","potentialAction":[{"@type":"SearchAction","target":{"@type":"EntryPoint","urlTemplate":"https:\/\/www.nouscims.com\/ca\/?s={search_term_string}"},"query-input":{"@type":"PropertyValueSpecification","valueRequired":true,"valueName":"search_term_string"}}],"inLanguage":"ca"}]}},"_links":{"self":[{"href":"https:\/\/www.nouscims.com\/ca\/wp-json\/wp\/v2\/pages\/2372","targetHints":{"allow":["GET"]}}],"collection":[{"href":"https:\/\/www.nouscims.com\/ca\/wp-json\/wp\/v2\/pages"}],"about":[{"href":"https:\/\/www.nouscims.com\/ca\/wp-json\/wp\/v2\/types\/page"}],"author":[{"embeddable":true,"href":"https:\/\/www.nouscims.com\/ca\/wp-json\/wp\/v2\/users\/1"}],"replies":[{"embeddable":true,"href":"https:\/\/www.nouscims.com\/ca\/wp-json\/wp\/v2\/comments?post=2372"}],"version-history":[{"count":3,"href":"https:\/\/www.nouscims.com\/ca\/wp-json\/wp\/v2\/pages\/2372\/revisions"}],"predecessor-version":[{"id":9693,"href":"https:\/\/www.nouscims.com\/ca\/wp-json\/wp\/v2\/pages\/2372\/revisions\/9693"}],"up":[{"embeddable":true,"href":"https:\/\/www.nouscims.com\/ca\/wp-json\/wp\/v2\/pages\/2386"}],"wp:featuredmedia":[{"embeddable":true,"href":"https:\/\/www.nouscims.com\/ca\/wp-json\/wp\/v2\/media\/257"}],"wp:attachment":[{"href":"https:\/\/www.nouscims.com\/ca\/wp-json\/wp\/v2\/media?parent=2372"}],"curies":[{"name":"wp","href":"https:\/\/api.w.org\/{rel}","templated":true}]}}

<div class="wpb-content-wrapper"><p>[vc_row row_height_percent=&#8221;0&#8243; override_padding=&#8221;yes&#8221; h_padding=&#8221;0&#8243; top_padding=&#8221;2&#8243; bottom_padding=&#8221;2&#8243; back_color=&#8221;color-nousred&#8221; overlay_alpha=&#8221;50&#8243; gutter_size=&#8221;3&#8243; column_width_percent=&#8221;100&#8243; shift_y=&#8221;0&#8243; z_index=&#8221;0&#8243;][vc_column width=&#8221;1/1&#8243;][vc_wp_custommenu nav_menu=&#8221;29&#8243; nav_menu_horizontal=&#8221;1&#8243;][/vc_column][/vc_row][vc_row row_height_percent=&#8221;0&#8243; override_padding=&#8221;yes&#8221; h_padding=&#8221;2&#8243; top_padding=&#8221;3&#8243; bottom_padding=&#8221;4&#8243; overlay_alpha=&#8221;50&#8243; gutter_size=&#8221;4&#8243; column_width_percent=&#8221;100&#8243; shift_y=&#8221;0&#8243; z_index=&#8221;0&#8243; row_height_pixel=&#8221;300px&#8221;][vc_column column_width_percent=&#8221;100&#8243; gutter_size=&#8221;2&#8243; overlay_alpha=&#8221;50&#8243; shift_x=&#8221;0&#8243; shift_y=&#8221;0&#8243; shift_y_down=&#8221;0&#8243; z_index=&#8221;0&#8243; medium_width=&#8221;0&#8243; mobile_width=&#8221;0&#8243; width=&#8221;4/6&#8243;][vc_custom_heading text_size=&#8221;h3&#8243; text_transform=&#8221;uppercase&#8221; el_class=&#8221;minititulo&#8221;]Karina, 25 anys, recicladora a Santa Marta (Colòmbia). És beneficiària d’un projecte de Nous Cims i R4S.[/vc_custom_heading][vc_column_text css=&#8221;.vc_custom_1574868598521{padding-left: 13px !important;}&#8221;]La Karina va néixer a Veneçuela i va arribar a la ciutat de Santa Marta al juliol de 2018 per a cuidar la seva mare, a qui havien d’operar. La jove de 25 anys és una de les recicladores beneficiàries del projecte conjunt de la Fundació Nous Cims i Roots for Sustainability (R4S), l&#8217;objectiu del qual és donar suport als recicladors informals, però no il·legals, que recullen materials per a reciclar i posteriorment vendre per a poder subsistir. Cada matí, la Karina fa la mateixa ruta i va porta per porta al barri 20 d&#8217;octubre tot recollint els residus dels veïns.[/vc_column_text][/vc_column][vc_column width=&#8221;2/6&#8243;][vc_single_image media=&#8221;2265&#8243; media_lightbox=&#8221;yes&#8221; media_poster=&#8221;yes&#8221; media_width_percent=&#8221;100&#8243;][/vc_column][/vc_row][vc_row row_height_percent=&#8221;0&#8243; override_padding=&#8221;yes&#8221; h_padding=&#8221;2&#8243; top_padding=&#8221;3&#8243; bottom_padding=&#8221;4&#8243; back_color=&#8221;color-nousgrey&#8221; overlay_alpha=&#8221;50&#8243; gutter_size=&#8221;4&#8243; column_width_percent=&#8221;100&#8243; shift_y=&#8221;0&#8243; z_index=&#8221;0&#8243; desktop_visibility=&#8221;yes&#8221; medium_visibility=&#8221;yes&#8221; mobile_visibility=&#8221;yes&#8221; row_height_pixel=&#8221;300px&#8221;][vc_column column_width_percent=&#8221;100&#8243; gutter_size=&#8221;2&#8243; overlay_alpha=&#8221;50&#8243; shift_x=&#8221;0&#8243; shift_y=&#8221;0&#8243; shift_y_down=&#8221;0&#8243; z_index=&#8221;0&#8243; medium_width=&#8221;0&#8243; mobile_width=&#8221;0&#8243; width=&#8221;4/6&#8243;][vc_custom_heading text_size=&#8221;h3&#8243; text_transform=&#8221;uppercase&#8221; el_class=&#8221;minititulo&#8221;]Karina, 25 anys, recicladora a Santa Marta (Colòmbia). És beneficiària d’un projecte de Nous Cims i R4S.[/vc_custom_heading][vc_column_text css=&#8221;.vc_custom_1574868598521{padding-left: 13px !important;}&#8221;]La Karina va néixer a Veneçuela i va arribar a la ciutat de Santa Marta al juliol de 2018 per a cuidar la seva mare, a qui havien d’operar. La jove de 25 anys és una de les recicladores beneficiàries del projecte conjunt de la Fundació Nous Cims i Roots for Sustainability (R4S), l&#8217;objectiu del qual és donar suport als recicladors informals, però no il·legals, que recullen materials per a reciclar i posteriorment vendre per a poder subsistir. Cada matí, la Karina fa la mateixa ruta i va porta per porta al barri 20 d&#8217;octubre tot recollint els residus dels veïns.[/vc_column_text][/vc_column][vc_column width=&#8221;2/6&#8243;][vc_single_image media=&#8221;2265&#8243; media_lightbox=&#8221;yes&#8221; media_poster=&#8221;yes&#8221; media_width_percent=&#8221;100&#8243;][/vc_column][/vc_row]</p>
</div>

<!-- This site is optimized with the Yoast SEO plugin v27.4 - https://yoast.com/product/yoast-seo-wordpress/ -->
<title>Nous Cims Stories - Fundación Privada Nous Cims</title>
<meta name="robots" content="index, follow, max-snippet:-1, max-image-preview:large, max-video-preview:-1" />
<link rel="canonical" href="https://www.nouscims.com/ca/qui-som/nous-cims-stories/" />
<meta property="og:locale" content="ca_ES" />
<meta property="og:type" content="article" />
<meta property="og:title" content="Nous Cims Stories - Fundación Privada Nous Cims" />
<meta property="og:url" content="https://www.nouscims.com/ca/qui-som/nous-cims-stories/" />
<meta property="og:site_name" content="Fundación Privada Nous Cims" />
<meta property="article:publisher" content="https://www.facebook.com/nouscims" />
<meta property="article:modified_time" content="2024-06-27T14:38:20+00:00" />
<meta property="og:image" content="https://www.nouscims.com/wp-content/uploads/2019/11/equipo.jpg" />
	<meta property="og:image:width" content="1400" />
	<meta property="og:image:height" content="734" />
	<meta property="og:image:type" content="image/jpeg" />
<meta name="twitter:card" content="summary_large_image" />
<meta name="twitter:site" content="@nouscims" />
<meta name="twitter:label1" content="Temps estimat de lectura" />
	<meta name="twitter:data1" content="3 minuts" />
<script type="application/ld+json" class="yoast-schema-graph">{"@context":"https:\/\/schema.org","@graph":[{"@type":"WebPage","@id":"https:\/\/www.nouscims.com\/ca\/qui-som\/nous-cims-stories\/","url":"https:\/\/www.nouscims.com\/ca\/qui-som\/nous-cims-stories\/","name":"Nous Cims Stories - Fundación Privada Nous Cims","isPartOf":{"@id":"https:\/\/www.nouscims.com\/ca\/#website"},"primaryImageOfPage":{"@id":"https:\/\/www.nouscims.com\/ca\/qui-som\/nous-cims-stories\/#primaryimage"},"image":{"@id":"https:\/\/www.nouscims.com\/ca\/qui-som\/nous-cims-stories\/#primaryimage"},"thumbnailUrl":"https:\/\/www.nouscims.com\/wp-content\/uploads\/2019\/11\/equipo.jpg","datePublished":"2019-12-20T12:50:35+00:00","dateModified":"2024-06-27T14:38:20+00:00","breadcrumb":{"@id":"https:\/\/www.nouscims.com\/ca\/qui-som\/nous-cims-stories\/#breadcrumb"},"inLanguage":"ca","potentialAction":[{"@type":"ReadAction","target":["https:\/\/www.nouscims.com\/ca\/qui-som\/nous-cims-stories\/"]}]},{"@type":"ImageObject","inLanguage":"ca","@id":"https:\/\/www.nouscims.com\/ca\/qui-som\/nous-cims-stories\/#primaryimage","url":"https:\/\/www.nouscims.com\/wp-content\/uploads\/2019\/11\/equipo.jpg","contentUrl":"https:\/\/www.nouscims.com\/wp-content\/uploads\/2019\/11\/equipo.jpg","width":1400,"height":734},{"@type":"BreadcrumbList","@id":"https:\/\/www.nouscims.com\/ca\/qui-som\/nous-cims-stories\/#breadcrumb","itemListElement":[{"@type":"ListItem","position":1,"name":"Portada","item":"https:\/\/www.nouscims.com\/ca\/"},{"@type":"ListItem","position":2,"name":"Qui som","item":"https:\/\/www.nouscims.com\/ca\/qui-som\/"},{"@type":"ListItem","position":3,"name":"Nous Cims Stories"}]},{"@type":"WebSite","@id":"https:\/\/www.nouscims.com\/ca\/#website","url":"https:\/\/www.nouscims.com\/ca\/","name":"Fundación Privada Nous Cims","description":"Impulsamos y desarrollamos proyectos de innovación social","potentialAction":[{"@type":"SearchAction","target":{"@type":"EntryPoint","urlTemplate":"https:\/\/www.nouscims.com\/ca\/?s={search_term_string}"},"query-input":{"@type":"PropertyValueSpecification","valueRequired":true,"valueName":"search_term_string"}}],"inLanguage":"ca"}]}</script>
<!-- / Yoast SEO plugin. -->

Nous Cims Stories - Fundación Privada Nous Cims

Fundación Privada Nous Cims

Impulsamos y desarrollamos proyectos de innovación social
